+ 2)*2). Let y be k(x). What is the highest common factor of 30 and y?
10
Let t(a) = a**2 - 2*a + 1. Let x be t(3). Suppose -x*m - 16 + 60 = 2*u, 4*m + 10 = u. Suppose -r + 13 = 1. Calculate the greatest common divisor of r and u.
6
Suppose -4 = 2*r - 100. Let x = r + -18. Let y = 80 - 35. Calculate the greatest common divisor of y and x.
15
Let i be -1 - -3 - (-99 + 5). Calculate the highest common factor of 12 and i.
12
Let n = 8 + -4. Let u = n - 1. Suppose -11 = u*w + 5*t - 46, 2*w + 3*t = 22. Calculate the greatest common divisor of 5 and w.
5
Let k(c) = -c**3 - 5*c**2 + 4*c - 8. Let q be -2 + -3 + -1 - 0. Let o be k(q). What is the highest common divisor of o and 36?
4
Suppose 97 + 74 = 3*v. Suppose 20 = -5*m - 0*m, -5*r - 175 = -5*m. Let n = r - -58. Calculate the highest common divisor of v and n.
19
Let i = -57 + 67. What is the greatest common divisor of i and 40?
10
Suppose 201 - 23 = 5*r + m, 2*m = 2*r - 76. Calculate the highest common divisor of 12 and r.
12
Suppose -3*l = -4*l. Let f(w) = -w + 18. Let p be f(l). Let a(g) = g**3 - 7*g**2 + 7*g. Let d be a(6). Calculate the greatest common factor of p and d.
6
Let v be 2/(-7) + (-4)/(-14). Suppose 0 = 4*l + s - 11, v*s - 20 = -4*l - 4*s. Suppose -4*z + l*z = -14. What is the greatest common divisor of 77 and z?
7
Let a be ((-36)/(-16))/((-1)/12). Let f be a/18*(-32)/3. Let v be (-510)/(-8) - (-2)/8. Calculate the greatest common factor of v and f.
16
Let f be (-190)/(-3) + (-3)/9. What is the highest common factor of 9 and f?
9
Let a be (6/(-15))/(3/(-15)). Let g = 11 + 3. What is the greatest common factor of g and a?
2
Let z(v) = -v**3 - 10*v**2 - 11*v - 7. Let q be z(-9). Calculate the greatest common divisor of 77 and q.
11
Let z = 50 - 36. Calculate the greatest common factor of 126 and z.
14
Suppose -3*u + 19 = -35. What is the highest common factor of u and 45?
9
Let z = 17 + -7. Suppose -3*m - 9 = 0, 5*n - m = 2*m + 29. What is the highest common divisor of n and z?
2
Let u(j) = j**3 + 10*j**2 - 2*j - 9. Let i be u(-8). Calculate the greatest common factor of i and 15.
15
Let k be 98/3 - (25/(-15))/5. What is the greatest common divisor of 22 and k?
11
Let k = 40 - 26. Calculate the highest common divisor of k and 14.
14
Let t(a) = -a**2 + 144. Let k be t(0). Calculate the greatest common factor of 18 and k.
18
Let y be (8/3)/((-24)/(-108)). Calculate the greatest common factor of 8 and y.
4
Suppose -3*i = -6 + 21, -2 = -4*b - 2*i. Let x(p) = -5*p. Let q be x(-1). Let y be q*(6/(-5))/(-3). Calculate the highest common divisor of b and y.
1
Let l(a) = a**3 + 6*a**2 - 9*a - 5. Let m be l(-7). What is the greatest common divisor of 45 and m?
9
Let o be (6/4)/((-2)/(-8)). Suppose -120 = -9*m + 5*m. Calculate the greatest common divisor of o and m.
6
Let x(u) = -u**3 - 4*u**2 - 4*u + 1. Let b be x(-3). Suppose b = -4*k, -2*p - 24 = 5*k - 89. What is the highest common factor of p and 14?
7
Let i be 2124/(-84) - (-2)/7. Let y = 70 + i. Suppose 0*a = -4*a + 60. Calculate the greatest common factor of a and y.
15
Let l = -16 - -24. Let u(h) = h**2 - 8*h + 11. Let a be u(l). Calculate the greatest common factor of 11 and a.
11
Suppose -57 = -6*x + 27. Calculate the highest common divisor of x and 42.
14
Suppose 4*q + 15 = 2*c + c, -5*q - 5*c = 45. Let z(g) = 2*g**2 + 9*g + 2. Let s be z(q). Calculate the greatest common divisor of 10 and s.
10
Let b be (-3)/3*1 - -3. Suppose -2*n - 8 = 5*q, 2*n - 6*n - b = 3*q. What is the highest common divisor of 11 and n?
1
Let v be ((3*-1)/3)/(-1). Let k be (0 - v)*(2 - 5). Suppose -o - 280 = -k*o. What is the highest common factor of o and 20?
20
Suppose -3*q + 256 + 239 = 0. Calculate the highest common divisor of 15 and q.
15
Let a(c) = -8*c + 1. Let v(p) = -p**3 + p**2 - 2*p + 1. Let q be v(1). Let k be a(q). Suppose -k = -d + 12. What is the greatest common divisor of d and 3?
3
Let c be 2/12 - (-58)/12. Suppose -2*x + 3*x = -2*o - 1, -c*x + 4*o = -51. What is the greatest common divisor of 14 and x?
7
Let p = -6 - 10. Let z be (-8)/p + (-46)/(-4). Calculate the greatest common divisor of z and 96.
12
Let m(u) = -2*u**2 + 12*u + 7. Suppose -14*d = -12*d - 12. Let j be m(d). Calculate the highest common divisor of 35 and j.
7
Let f(b) = -3*b - 6. Let h be f(-4). Calculate the greatest common factor of h and 66.
6
Suppose -2*c + 92 = -188. Calculate the greatest common divisor of 20 and c.
20
Let o = 8 - -14. Calculate the greatest common factor of o and 176.
22
Suppose x = -4*h + 2*h + 5, 0 = 4*h + 3*x - 15. Let o = h + 4. Suppose 1 = o*w - 51. Calculate the highest common factor of w and 104.
13
Let y(c) = -3*c**3 - 6*c**2 + 6. Let o(r) = r**3 - 1. Let k(j) = 4*o(j) + y(j). Let w be k(6). Let v = 4 - w. Calculate the greatest common factor of v and 10.
2
Let o(t) = -3*t**2 + t + 2. Let d be o(2). Let w be (-6)/(2*2/d). What is the greatest common factor of w and 84?
12
Let q = -2 + 5. Let b be (-1)/((q - 1)/(-14)). What is the highest common divisor of b and 56?
7
Let m(k) = k**2 + 2*k + 2. Let b be m(-2). Let x be ((-1)/b)/(3/(-12)). Suppose -x*p + 57 + 57 = 0. What is the greatest common divisor of 38 and p?
19
Let f = -15 - -16. Calculate the greatest common divisor of f and 4.
1
Let d = 1 + 0. Suppose -2*c = 15 - 19. What is the highest common factor of c and d?
1
Let g(b) = -b**2 - 7*b - 8. Let h be g(-3). Suppose 0 = -2*c - 4*j + 4, 2*c + j - 2 - 2 = 0. Calculate the highest common factor of c and h.
2
Suppose 2*y - 4*y - 12 = -2*k, 0 = 2*k + 4*y - 42. Calculate the greatest common divisor of k and 22.
11
Suppose 5*h - 7*h + 36 = 0. What is the greatest common factor of 9 and h?
9
Let d(s) = 3*s - 2. Let f be d(2). Let k(u) = -u**3 + 18*u**2 - 32*u + 1. Let b be k(16). Calculate the greatest common factor of f and b.
1
Suppose -3*y + 4*d - 5*d = -19, 49 = 3*y - 5*d. Let g(m) = 12*m - 15. Let j be g(y). Let n = 3 + 6. What is the greatest common factor of j and n?
9
Let i be (10/4)/((-49)/84)*-21. Calculate the greatest common divisor of 60 and i.
30
Suppose -4*i - 6 + 14 = 0. Suppose 70 = -o + i*o. Let a(d) = 2*d**2 + 5*d + 3. Let n be a(-5). What is the highest common factor of n and o?
14
Suppose 4*d = 2*d. Let h(x) = x**2 - x + 14. Let q be h(0). Let j be (d - q)*56/(-7). Calculate the greatest common divisor of 16 and j.
16
Let a be (-133)/(-9) + (-36)/(-162). What is the highest common factor of a and 135?
15
Suppose -2*f + 4 = -3*f. Let g be (-96)/f*(-3)/(-2). Calculate the greatest common factor of g and 12.
12
Suppose -4*g = 3*w + 34, 5*g - w = 10 - 43. Let v(f) = -4*f + 4. Let j be v(g). Suppose 6 = 2*s - 10. Calculate the highest common divisor of j and s.
8
Let n(y) = y - 2. Let d = 18 + -9. Let c be n(d). Let p be (2/3)/(2/21). What is the highest common factor of p and c?
7
Suppose 5*i - 2*m - m = 125, -3*m + 75 = 3*i. What is the highest common divisor of i and 5?
5
Suppose -26 = -3*o + 4. What is the highest common divisor of o and 20?
10
Let p(b) = b**2 + 4*b - 7. Let j be p(-6). Suppose -s - 1 = 0, -6 = -j*v + 4*s + 8. Calculate the greatest common divisor of 5 and v.
1
Suppose 2*s - 18 = 50. Let n = s + -23. Calculate the highest common divisor of 44 and n.
11
Suppose -2520 = 8*g - 18*g. Calculate the highest common factor of g and 28.
28
Let o(l) = -l**3 + 12*l**2 + 7. Let t be o(12). What is the highest common factor of 7 and t?
7
Let o = -16 - 4. Let x = o - -47. What is the greatest common factor of 135 and x?
27
Suppose 2*b + 3*b - 20 = 0. Suppose 3*h - 41 = -b*k, 0 = -h + 4*k - 14 + 1. Calculate the greatest common factor of 1 and h.
1
Suppose 0 = -0*u + u - 8. Let d = 107 - 59. Let q = d - u. Calculate the greatest common divisor of q and 5.
5
Suppose o = 5*l + 10, -l - 5*o = 3*l + 37. Suppose 0*u = -3*u - 6. Let j = u - l. What is the highest common factor of 5 and j?
1
Let v be 43 - ((-4)/2)/(-2). Let i = 86 - v. Let z = -5 - -9. What is the greatest common factor of i and z?
4
Let d be (-5 - 1)*30/(-20). Calculate the highest common factor of d and 243.
9
Suppose 5*l + 0*k = 3*k + 15, 0 = 3*l - 2*k - 8. Calculate the greatest common factor of l and 48.
6
Let o(a) = -a**3 + 6*a**2 - 9*a + 5. Let m be o(7). Let g be m/5*(-1 + -4). Suppose 3*s - 43 = g. Calculate the greatest common factor of 10 and s.
1